{"id":132,"date":"2022-01-17T08:39:33","date_gmt":"2022-01-17T08:39:33","guid":{"rendered":"https:\/\/spassfoto.de\/?page_id=132"},"modified":"2026-02-08T12:25:49","modified_gmt":"2026-02-08T12:25:49","slug":"buchung","status":"publish","type":"page","link":"https:\/\/spassfoto.de\/index.php\/buchung\/","title":{"rendered":"Buchungsanfrage"},"content":{"rendered":"\t\t<div data-elementor-type=\"wp-page\" data-elementor-id=\"132\" class=\"elementor elementor-132\">\n\t\t\t\t\t\t<section class=\"elementor-section elementor-top-section elementor-element elementor-element-6665ac4a elementor-section-boxed elementor-section-height-default elementor-section-height-default\" data-id=\"6665ac4a\" data-element_type=\"section\" data-e-type=\"section\">\n\t\t\t\t\t\t<div class=\"elementor-container elementor-column-gap-default\">\n\t\t\t\t\t<div class=\"elementor-column elementor-col-100 elementor-top-column elementor-element elementor-element-15c788a7\" data-id=\"15c788a7\" data-element_type=\"column\" data-e-type=\"column\">\n\t\t\t<div class=\"elementor-widget-wrap elementor-element-populated\">\n\t\t\t\t\t\t<div class=\"elementor-element elementor-element-7db1dee elementor-widget elementor-widget-text-editor\" data-id=\"7db1dee\" data-element_type=\"widget\" data-e-type=\"widget\" data-widget_type=\"text-editor.default\">\n\t\t\t\t<div class=\"elementor-widget-container\">\n\t\t\t\t\t\t\t\t\t\n<figure class=\"wp-block-table\">\n<table class=\"has-fixed-layout\">\n<tbody>\n<tr>\n<td class=\"has-text-align-left\" data-align=\"left\"><strong>Fotobox<\/strong>\u00a0<\/td>\n<\/td>\n<td><strong>Audio G\u00e4stebuch<\/strong><\/td>\n<td><strong>Soundbox<\/strong><\/td>\n<td><strong>Faltpavillon<\/strong><\/td>\n<td><strong>Bierzeltgarnitur<\/strong><\/td>\n<\/tr>\n<tr>\n<td class=\"has-text-align-left\" data-align=\"left\"><img decoding=\"async\" width=\"100\" height=\"173\" data-recalc-dims=\"1\" class=\"wp-image-488\" style=\"width: 100px;\" src=\"https:\/\/i0.wp.com\/spassfoto.de\/wp-content\/uploads\/2022\/01\/IMG_1908_2-scaled-1.jpeg?w=1170&#038;ssl=1\" alt=\"\" srcset=\"https:\/\/i0.wp.com\/spassfoto.de\/wp-content\/uploads\/2022\/01\/IMG_1908_2-scaled-1.jpeg?w=1480&amp;ssl=1 1480w, https:\/\/i0.wp.com\/spassfoto.de\/wp-content\/uploads\/2022\/01\/IMG_1908_2-scaled-1.jpeg?resize=600%2C1038&amp;ssl=1 600w\" sizes=\"(max-width: 100px) 100vw, 100px\" \/><\/td>\n<td>\u00a0<br \/><br \/>\u00a0<img decoding=\"async\" width=\"140\" height=\"105\" data-recalc-dims=\"1\" class=\"wp-image-1026\" style=\"width: 140px;\" src=\"https:\/\/i0.wp.com\/spassfoto.de\/wp-content\/uploads\/2025\/08\/IMG_1932-scaled.webp?w=1170&#038;ssl=1\" alt=\"Unser Audio-G\u00e4stebuch\" srcset=\"https:\/\/i0.wp.com\/spassfoto.de\/wp-content\/uploads\/2025\/08\/IMG_1932-scaled.webp?w=1920&amp;ssl=1 1920w, https:\/\/i0.wp.com\/spassfoto.de\/wp-content\/uploads\/2025\/08\/IMG_1932-scaled.webp?resize=600%2C450&amp;ssl=1 600w\" sizes=\"(max-width: 140px) 100vw, 140px\" \/><\/td>\n<td><img decoding=\"async\" width=\"110\" height=\"155\" data-recalc-dims=\"1\" class=\"wp-image-369\" style=\"width: 110px;\" src=\"https:\/\/i0.wp.com\/spassfoto.de\/wp-content\/uploads\/2022\/01\/IMG_1238-scaled-e1643718993293.jpeg?w=1170&#038;ssl=1\" alt=\"\" srcset=\"https:\/\/i0.wp.com\/spassfoto.de\/wp-content\/uploads\/2022\/01\/IMG_1238-scaled-e1643718993293.jpeg?w=1811&amp;ssl=1 1811w, https:\/\/i0.wp.com\/spassfoto.de\/wp-content\/uploads\/2022\/01\/IMG_1238-scaled-e1643718993293.jpeg?resize=600%2C848&amp;ssl=1 600w\" sizes=\"(max-width: 110px) 100vw, 110px\" \/><\/td>\n<td>3m x 3m<\/td>\n<td>2 B\u00e4nke + 1 Tisch 1,70m lang<\/td>\n<\/tr>\n<tr>\n<td class=\"has-text-align-left\" data-align=\"left\">&#8211; 48 Stunden Mietdauer<br \/>&#8211; Template (Hintergrund auf dem Foto, mit individueller Textzeile f\u00fcr dich)<br \/>&#8211; Kost\u00fcme\/Requisiten<br \/>&#8211; mobile Fotobox \u2013 alles dabei!<br><br>&#8211; Bis zu 200 Fotoausdrucke inklusive <strong>nur 219.00\u20ac<\/strong><br>&#8211; bis zu 400 Ausdrucke <strong>nur 249.00\u20ac<\/strong><br>&#8211; bis zu 700 Ausdrucke <strong>nur 329.00 \u20ac<\/strong><\/td>\n<td>\u00a0<br \/>inkl.:<br \/>&#8211; 48 Stunden Mietdauer<br \/>&#8211; USB Kabel zum Laden und verbinden mit dem PC<\/td>\n<td>&#8211; Mietdauer 48 Stunden<br \/>&#8211; \u00dcbertragung per Bluetooth <br \/>&#8211; leicht zu handeln<br \/>&#8211; mit Karaoke-Funktion<br \/>&#8211; mit Schlagzeug-Funktion<br \/>&#8211; viele Lichteffekte<br \/>&#8211; leicht zu transportieren, rollbar<br \/>&#8211; u.v.m.<\/td>\n<td>&#8211; 48 Stunden Mietdauer<br \/>schwarz mit Seitenteilen<\/td>\n<td>eine Garnitur besteht aus 2 B\u00e4nken und einem Tisch, L\u00e4nge 1,70 m\nPlatz pro Bank f\u00fcr 4 Personen, insgesamt also 8 Personen<\/td>\n<\/tr>\n<tr>\n<td class=\"has-text-align-left\" data-align=\"left\"><strong>ab 219.00 \u20ac<\/strong><\/td>\n<td><strong>49.00 \u20ac<\/strong><\/td>\n<td><strong>39.00 \u20ac<\/strong><\/td>\n<td><strong>25.00 \u20ac<\/strong><\/td>\n<td><strong>15.00 \u20ac<\/strong><\/td>\n<\/tr>\n<\/tbody>\n<\/table>\n<\/figure>\n\n\n\n<p>Schreibe uns wann Du welchen Artikel ben\u00f6tigst. Lass uns dabei bitte auch wissen, wo die Veranstaltung stattfindet und wieviel Personen daran teilnehmen werden.<\/p>\n\n\n\n<h1 class=\"wp-block-heading has-huge-font-size\">\u00a0<\/h1>\n\n\n<div class=\"wpcf7 no-js\" id=\"wpcf7-f123-o1\" lang=\"de-DE\" dir=\"ltr\" data-wpcf7-id=\"123\">\n<div class=\"screen-reader-response\">\n<p role=\"status\" aria-live=\"polite\" aria-atomic=\"true\">\n<ul><\/ul>\n<\/div>\n<form action=\"\/index.php\/wp-json\/wp\/v2\/pages\/132#wpcf7-f123-o1\" method=\"post\" class=\"wpcf7-form init\" aria-label=\"Kontaktformular\" novalidate=\"novalidate\" data-status=\"init\">\n<fieldset class=\"hidden-fields-container\"><input type=\"hidden\" name=\"_wpcf7\" value=\"123\" \/><input type=\"hidden\" name=\"_wpcf7_version\" value=\"6.1.5\" \/><input type=\"hidden\" name=\"_wpcf7_locale\" value=\"de_DE\" \/><input type=\"hidden\" name=\"_wpcf7_unit_tag\" value=\"wpcf7-f123-o1\" \/><input type=\"hidden\" name=\"_wpcf7_container_post\" value=\"0\" \/><input type=\"hidden\" name=\"_wpcf7_posted_data_hash\" value=\"\" \/><input type=\"hidden\" name=\"_wpcf7_recaptcha_response\" value=\"\" \/><br \/>\n<\/fieldset>\n<p><label> Betreff<br \/>\n<span class=\"wpcf7-form-control-wrap\" data-name=\"your-subject\"><input size=\"40\" maxlength=\"400\" class=\"wpcf7-form-control wpcf7-text wpcf7-validates-as-required\" aria-required=\"true\" aria-invalid=\"false\" value=\"\" type=\"text\" name=\"your-subject\" \/><\/span> <\/label>\n<\/p>\n<p><label> Dein Name<br \/>\n<span class=\"wpcf7-form-control-wrap\" data-name=\"your-name\"><input size=\"40\" maxlength=\"400\" class=\"wpcf7-form-control wpcf7-text wpcf7-validates-as-required\" aria-required=\"true\" aria-invalid=\"false\" value=\"\" type=\"text\" name=\"your-name\" \/><\/span> <\/label>\n<\/p>\n<p><label> Deine E-Mail-Adresse<br \/>\n<span class=\"wpcf7-form-control-wrap\" data-name=\"your-email\"><input size=\"40\" maxlength=\"400\" class=\"wpcf7-form-control wpcf7-email wpcf7-validates-as-required wpcf7-text wpcf7-validates-as-email\" aria-required=\"true\" aria-invalid=\"false\" value=\"\" type=\"email\" name=\"your-email\" \/><\/span> <\/label>\n<\/p>\n<p><label> Wann findet deine Feier statt<br \/>\n<span class=\"wpcf7-form-control-wrap\" data-name=\"BuchDatum\"><input class=\"wpcf7-form-control wpcf7-date wpcf7-validates-as-required wpcf7-validates-as-date\" aria-required=\"true\" aria-invalid=\"false\" placeholder=\"\" value=\"\" type=\"date\" name=\"BuchDatum\" \/><\/span><\/label>\n<\/p>\n<p><label> Veranstaltungsort<br \/>\n<span class=\"wpcf7-form-control-wrap\" data-name=\"Veranort\"><input size=\"40\" maxlength=\"400\" class=\"wpcf7-form-control wpcf7-text wpcf7-validates-as-required\" aria-required=\"true\" aria-invalid=\"false\" value=\"\" type=\"text\" name=\"Veranort\" \/><\/span><\/label>\n<\/p>\n<p><label>Teilnehmeranzahl<br \/>\n<span class=\"wpcf7-form-control-wrap\" data-name=\"teilnehmer\"><input size=\"40\" maxlength=\"400\" class=\"wpcf7-form-control wpcf7-text wpcf7-validates-as-required\" aria-required=\"true\" aria-invalid=\"false\" value=\"\" type=\"text\" name=\"teilnehmer\" \/><\/span><\/label>\n<\/p>\n<p><label>Welchen Artikel m\u00f6chtest Du buchen?<\/label><br \/>\n<span class=\"wpcf7-form-control-wrap\" data-name=\"artikel\"><span class=\"wpcf7-form-control wpcf7-checkbox sf-choice-list\"><span class=\"wpcf7-list-item first\"><label><input type=\"checkbox\" name=\"artikel[]\" value=\"Fotobox bis 30 Personen (inkl. 200 Ausdrucke) - 219.00 \u20ac\" \/><span class=\"wpcf7-list-item-label\">Fotobox bis 30 Personen (inkl. 200 Ausdrucke) &#8211; 219.00 \u20ac<\/span><\/label><\/span><span class=\"wpcf7-list-item\"><label><input type=\"checkbox\" name=\"artikel[]\" value=\"Fotobox bis 50 Personen (inkl. 400 Ausdrucke) - 249.00 \u20ac\" \/><span class=\"wpcf7-list-item-label\">Fotobox bis 50 Personen (inkl. 400 Ausdrucke) &#8211; 249.00 \u20ac<\/span><\/label><\/span><span class=\"wpcf7-list-item\"><label><input type=\"checkbox\" name=\"artikel[]\" value=\"Fotobox ab 50 Personen (inkl. 700 Ausdrucke) - 329.00 \u20ac\" \/><span class=\"wpcf7-list-item-label\">Fotobox ab 50 Personen (inkl. 700 Ausdrucke) &#8211; 329.00 \u20ac<\/span><\/label><\/span><span class=\"wpcf7-list-item\"><label><input type=\"checkbox\" name=\"artikel[]\" value=\"Audio G\u00e4stebuch\" \/><span class=\"wpcf7-list-item-label\">Audio G\u00e4stebuch<\/span><\/label><\/span><span class=\"wpcf7-list-item\"><label><input type=\"checkbox\" name=\"artikel[]\" value=\"Soundbox\" \/><span class=\"wpcf7-list-item-label\">Soundbox<\/span><\/label><\/span><span class=\"wpcf7-list-item\"><label><input type=\"checkbox\" name=\"artikel[]\" value=\"Faltpavillon 3x3m\" \/><span class=\"wpcf7-list-item-label\">Faltpavillon 3x3m<\/span><\/label><\/span><span class=\"wpcf7-list-item\"><label><input type=\"checkbox\" name=\"artikel[]\" value=\"Bierzeltgarnitur 170cm\" \/><span class=\"wpcf7-list-item-label\">Bierzeltgarnitur 170cm<\/span><\/label><\/span><span class=\"wpcf7-list-item last\"><label><input type=\"checkbox\" name=\"artikel[]\" value=\"Fullservice\" \/><span class=\"wpcf7-list-item-label\">Fullservice<\/span><\/label><\/span><\/span><\/span>\n<\/p>\n<p><label>Unser Fotobuch f\u00fcr nur 17.99\u20ac gleich mitbestellen?<br \/>\n<span class=\"wpcf7-form-control-wrap\" data-name=\"fotobuch\"><span class=\"wpcf7-form-control wpcf7-checkbox\"><span class=\"wpcf7-list-item first last\"><label><input type=\"checkbox\" name=\"fotobuch[]\" value=\"ja\" \/><span class=\"wpcf7-list-item-label\">ja<\/span><\/label><\/span><\/span><\/span><\/label>\n<\/p>\n<p><label> Deine Nachricht (optional)<br \/>\n<span class=\"wpcf7-form-control-wrap\" data-name=\"your-message\"><textarea cols=\"40\" rows=\"10\" maxlength=\"2000\" class=\"wpcf7-form-control wpcf7-textarea\" aria-invalid=\"false\" name=\"your-message\"><\/textarea><\/span> <\/label>\n<\/p>\n<p><input class=\"wpcf7-form-control wpcf7-submit has-spinner\" type=\"submit\" value=\"Senden\" \/>\n<\/p>\n<p>Achtung: Du gehst noch keinen Vertrag mit uns ein! Dies stellt nur eine Buchungsanfrage dar. Wir pr\u00fcfen, ob der gew\u00fcnschte Artikel zum gew\u00fcnschten Datum noch verf\u00fcgbar ist. Wenn der Artikel an dem gew\u00fcnschten Datum noch verf\u00fcgbar ist, erh\u00e4ltst Du eine Reservierungsbest\u00e4tigung, wenn nicht, dann einen Alternativvorschlag. Nur bei einer Reservierungsbest\u00e4tigung entsteht ein Vertragsverh\u00e4ltnis zwischen uns!\n<\/p>\n<p style=\"display: none !important;\" class=\"akismet-fields-container\" data-prefix=\"_wpcf7_ak_\"><label>&#916;<textarea name=\"_wpcf7_ak_hp_textarea\" cols=\"45\" rows=\"8\" maxlength=\"100\"><\/textarea><\/label><input type=\"hidden\" id=\"ak_js_1\" name=\"_wpcf7_ak_js\" value=\"140\"\/><script data-jetpack-boost=\"ignore\" data-jetpack-boost=\"ignore\">document.getElementById( \"ak_js_1\" ).setAttribute( \"value\", ( new Date() ).getTime() );<\/script><\/p>\n<div class=\"wpcf7-response-output\" aria-hidden=\"true\"><\/div>\n<\/form>\n<\/div>\n\t\t\t\t\t\t\t\t<\/div>\n\t\t\t\t<\/div>\n\t\t\t\t\t<\/div>\n\t\t<\/div>\n\t\t\t\t\t<\/div>\n\t\t<\/section>\n\t\t\t\t<\/div>\n\t\t","protected":false},"excerpt":{"rendered":"<p>Fotobox\u00a0 Audio G\u00e4stebuch Soundbox Faltpavillon Bierzeltgarnitur \u00a0 \u00a0 3m x 3m 2 B\u00e4nke + 1 Tisch 1,70m lang &#8211; 48 Stunden Mietdauer&#8211; Template (Hintergrund auf dem Foto, mit individueller Textzeile f\u00fcr dich)&#8211; Kost\u00fcme\/Requisiten&#8211; mobile Fotobox \u2013 alles dabei! &#8211; Bis zu 200 Fotoausdrucke inklusive nur 219.00\u20ac&#8211; bis zu 400 Ausdrucke nur 249.00\u20ac&#8211; bis zu 700 [&hellip;]<\/p>\n","protected":false},"author":3,"featured_media":0,"parent":0,"menu_order":0,"comment_status":"closed","ping_status":"closed","template":"","meta":{"_monsterinsights_skip_tracking":false,"_monsterinsights_sitenote_active":false,"_monsterinsights_sitenote_note":"","_monsterinsights_sitenote_category":0,"_uf_show_specific_survey":0,"_uf_disable_surveys":false,"footnotes":""},"class_list":["post-132","page","type-page","status-publish","hentry"],"yoast_head":"<!-- This site is optimized with the Yoast SEO plugin v27.4 - https:\/\/yoast.com\/product\/yoast-seo-wordpress\/ -->\n<title>spassfoto.de - Deinen Wunschtermin buchen<\/title>\n<meta name=\"description\" content=\"Du willst einfach eine Fotobox mieten? Dann schreibe uns Deinen Wunschtermin!\" \/>\n<meta name=\"robots\" content=\"index, follow, max-snippet:-1, max-image-preview:large, max-video-preview:-1\" \/>\n<link rel=\"canonical\" href=\"https:\/\/spassfoto.de\/index.php\/buchung\/\" \/>\n<meta property=\"og:locale\" content=\"de_DE\" \/>\n<meta property=\"og:type\" content=\"article\" \/>\n<meta property=\"og:title\" content=\"spassfoto.de - Deinen Wunschtermin buchen\" \/>\n<meta property=\"og:description\" content=\"Du willst einfach eine Fotobox mieten? Dann schreibe uns Deinen Wunschtermin!\" \/>\n<meta property=\"og:url\" content=\"https:\/\/spassfoto.de\/index.php\/buchung\/\" \/>\n<meta property=\"og:site_name\" content=\"spassfoto.de\" \/>\n<meta property=\"article:publisher\" content=\"https:\/\/facebook.com\/spassfoto.de\" \/>\n<meta property=\"article:modified_time\" content=\"2026-02-08T12:25:49+00:00\" \/>\n<meta property=\"og:image\" content=\"https:\/\/spassfoto.de\/wp-content\/uploads\/2022\/01\/IMG_1908_2-scaled-1.jpeg\" \/>\n<meta name=\"twitter:card\" content=\"summary_large_image\" \/>\n<meta name=\"twitter:label1\" content=\"Gesch\u00e4tzte Lesezeit\" \/>\n\t<meta name=\"twitter:data1\" content=\"1\u00a0Minute\" \/>\n<script type=\"application\/ld+json\" class=\"yoast-schema-graph\">{\"@context\":\"https:\\\/\\\/schema.org\",\"@graph\":[{\"@type\":\"WebPage\",\"@id\":\"https:\\\/\\\/spassfoto.de\\\/index.php\\\/buchung\\\/\",\"url\":\"https:\\\/\\\/spassfoto.de\\\/index.php\\\/buchung\\\/\",\"name\":\"spassfoto.de - Deinen Wunschtermin buchen\",\"isPartOf\":{\"@id\":\"https:\\\/\\\/spassfoto.de\\\/#website\"},\"primaryImageOfPage\":{\"@id\":\"https:\\\/\\\/spassfoto.de\\\/index.php\\\/buchung\\\/#primaryimage\"},\"image\":{\"@id\":\"https:\\\/\\\/spassfoto.de\\\/index.php\\\/buchung\\\/#primaryimage\"},\"thumbnailUrl\":\"https:\\\/\\\/spassfoto.de\\\/wp-content\\\/uploads\\\/2022\\\/01\\\/IMG_1908_2-scaled-1.jpeg\",\"datePublished\":\"2022-01-17T08:39:33+00:00\",\"dateModified\":\"2026-02-08T12:25:49+00:00\",\"description\":\"Du willst einfach eine Fotobox mieten? Dann schreibe uns Deinen Wunschtermin!\",\"breadcrumb\":{\"@id\":\"https:\\\/\\\/spassfoto.de\\\/index.php\\\/buchung\\\/#breadcrumb\"},\"inLanguage\":\"de\",\"potentialAction\":[{\"@type\":\"ReadAction\",\"target\":[\"https:\\\/\\\/spassfoto.de\\\/index.php\\\/buchung\\\/\"]}]},{\"@type\":\"ImageObject\",\"inLanguage\":\"de\",\"@id\":\"https:\\\/\\\/spassfoto.de\\\/index.php\\\/buchung\\\/#primaryimage\",\"url\":\"https:\\\/\\\/i0.wp.com\\\/spassfoto.de\\\/wp-content\\\/uploads\\\/2022\\\/01\\\/IMG_1908_2-scaled-1.jpeg?fit=1480%2C2560&ssl=1\",\"contentUrl\":\"https:\\\/\\\/i0.wp.com\\\/spassfoto.de\\\/wp-content\\\/uploads\\\/2022\\\/01\\\/IMG_1908_2-scaled-1.jpeg?fit=1480%2C2560&ssl=1\",\"width\":1480,\"height\":2560,\"caption\":\"mobile Fotobox\"},{\"@type\":\"BreadcrumbList\",\"@id\":\"https:\\\/\\\/spassfoto.de\\\/index.php\\\/buchung\\\/#breadcrumb\",\"itemListElement\":[{\"@type\":\"ListItem\",\"position\":1,\"name\":\"Startseite\",\"item\":\"https:\\\/\\\/spassfoto.de\\\/\"},{\"@type\":\"ListItem\",\"position\":2,\"name\":\"Buchungsanfrage\"}]},{\"@type\":\"WebSite\",\"@id\":\"https:\\\/\\\/spassfoto.de\\\/#website\",\"url\":\"https:\\\/\\\/spassfoto.de\\\/\",\"name\":\"spassfoto.de\",\"description\":\"Dein Fotobox-Verleih im Raum Mittweida\",\"publisher\":{\"@id\":\"https:\\\/\\\/spassfoto.de\\\/#organization\"},\"potentialAction\":[{\"@type\":\"SearchAction\",\"target\":{\"@type\":\"EntryPoint\",\"urlTemplate\":\"https:\\\/\\\/spassfoto.de\\\/?s={search_term_string}\"},\"query-input\":{\"@type\":\"PropertyValueSpecification\",\"valueRequired\":true,\"valueName\":\"search_term_string\"}}],\"inLanguage\":\"de\"},{\"@type\":\"Organization\",\"@id\":\"https:\\\/\\\/spassfoto.de\\\/#organization\",\"name\":\"spassfoto.de\",\"url\":\"https:\\\/\\\/spassfoto.de\\\/\",\"logo\":{\"@type\":\"ImageObject\",\"inLanguage\":\"de\",\"@id\":\"https:\\\/\\\/spassfoto.de\\\/#\\\/schema\\\/logo\\\/image\\\/\",\"url\":\"https:\\\/\\\/i0.wp.com\\\/spassfoto.de\\\/wp-content\\\/uploads\\\/2022\\\/01\\\/cropped-Instagram-Profile-Picture.jpg?fit=512%2C512&ssl=1\",\"contentUrl\":\"https:\\\/\\\/i0.wp.com\\\/spassfoto.de\\\/wp-content\\\/uploads\\\/2022\\\/01\\\/cropped-Instagram-Profile-Picture.jpg?fit=512%2C512&ssl=1\",\"width\":512,\"height\":512,\"caption\":\"spassfoto.de\"},\"image\":{\"@id\":\"https:\\\/\\\/spassfoto.de\\\/#\\\/schema\\\/logo\\\/image\\\/\"},\"sameAs\":[\"https:\\\/\\\/facebook.com\\\/spassfoto.de\",\"https:\\\/\\\/instagram.com\\\/spassfoto.de\"]}]}<\/script>\n<!-- \/ Yoast SEO plugin. -->","yoast_head_json":{"title":"spassfoto.de - Deinen Wunschtermin buchen","description":"Du willst einfach eine Fotobox mieten? Dann schreibe uns Deinen Wunschtermin!","robots":{"index":"index","follow":"follow","max-snippet":"max-snippet:-1","max-image-preview":"max-image-preview:large","max-video-preview":"max-video-preview:-1"},"canonical":"https:\/\/spassfoto.de\/index.php\/buchung\/","og_locale":"de_DE","og_type":"article","og_title":"spassfoto.de - Deinen Wunschtermin buchen","og_description":"Du willst einfach eine Fotobox mieten? Dann schreibe uns Deinen Wunschtermin!","og_url":"https:\/\/spassfoto.de\/index.php\/buchung\/","og_site_name":"spassfoto.de","article_publisher":"https:\/\/facebook.com\/spassfoto.de","article_modified_time":"2026-02-08T12:25:49+00:00","og_image":[{"url":"https:\/\/spassfoto.de\/wp-content\/uploads\/2022\/01\/IMG_1908_2-scaled-1.jpeg","type":"","width":"","height":""}],"twitter_card":"summary_large_image","twitter_misc":{"Gesch\u00e4tzte Lesezeit":"1\u00a0Minute"},"schema":{"@context":"https:\/\/schema.org","@graph":[{"@type":"WebPage","@id":"https:\/\/spassfoto.de\/index.php\/buchung\/","url":"https:\/\/spassfoto.de\/index.php\/buchung\/","name":"spassfoto.de - Deinen Wunschtermin buchen","isPartOf":{"@id":"https:\/\/spassfoto.de\/#website"},"primaryImageOfPage":{"@id":"https:\/\/spassfoto.de\/index.php\/buchung\/#primaryimage"},"image":{"@id":"https:\/\/spassfoto.de\/index.php\/buchung\/#primaryimage"},"thumbnailUrl":"https:\/\/spassfoto.de\/wp-content\/uploads\/2022\/01\/IMG_1908_2-scaled-1.jpeg","datePublished":"2022-01-17T08:39:33+00:00","dateModified":"2026-02-08T12:25:49+00:00","description":"Du willst einfach eine Fotobox mieten? Dann schreibe uns Deinen Wunschtermin!","breadcrumb":{"@id":"https:\/\/spassfoto.de\/index.php\/buchung\/#breadcrumb"},"inLanguage":"de","potentialAction":[{"@type":"ReadAction","target":["https:\/\/spassfoto.de\/index.php\/buchung\/"]}]},{"@type":"ImageObject","inLanguage":"de","@id":"https:\/\/spassfoto.de\/index.php\/buchung\/#primaryimage","url":"https:\/\/i0.wp.com\/spassfoto.de\/wp-content\/uploads\/2022\/01\/IMG_1908_2-scaled-1.jpeg?fit=1480%2C2560&ssl=1","contentUrl":"https:\/\/i0.wp.com\/spassfoto.de\/wp-content\/uploads\/2022\/01\/IMG_1908_2-scaled-1.jpeg?fit=1480%2C2560&ssl=1","width":1480,"height":2560,"caption":"mobile Fotobox"},{"@type":"BreadcrumbList","@id":"https:\/\/spassfoto.de\/index.php\/buchung\/#breadcrumb","itemListElement":[{"@type":"ListItem","position":1,"name":"Startseite","item":"https:\/\/spassfoto.de\/"},{"@type":"ListItem","position":2,"name":"Buchungsanfrage"}]},{"@type":"WebSite","@id":"https:\/\/spassfoto.de\/#website","url":"https:\/\/spassfoto.de\/","name":"spassfoto.de","description":"Dein Fotobox-Verleih im Raum Mittweida","publisher":{"@id":"https:\/\/spassfoto.de\/#organization"},"potentialAction":[{"@type":"SearchAction","target":{"@type":"EntryPoint","urlTemplate":"https:\/\/spassfoto.de\/?s={search_term_string}"},"query-input":{"@type":"PropertyValueSpecification","valueRequired":true,"valueName":"search_term_string"}}],"inLanguage":"de"},{"@type":"Organization","@id":"https:\/\/spassfoto.de\/#organization","name":"spassfoto.de","url":"https:\/\/spassfoto.de\/","logo":{"@type":"ImageObject","inLanguage":"de","@id":"https:\/\/spassfoto.de\/#\/schema\/logo\/image\/","url":"https:\/\/i0.wp.com\/spassfoto.de\/wp-content\/uploads\/2022\/01\/cropped-Instagram-Profile-Picture.jpg?fit=512%2C512&ssl=1","contentUrl":"https:\/\/i0.wp.com\/spassfoto.de\/wp-content\/uploads\/2022\/01\/cropped-Instagram-Profile-Picture.jpg?fit=512%2C512&ssl=1","width":512,"height":512,"caption":"spassfoto.de"},"image":{"@id":"https:\/\/spassfoto.de\/#\/schema\/logo\/image\/"},"sameAs":["https:\/\/facebook.com\/spassfoto.de","https:\/\/instagram.com\/spassfoto.de"]}]}},"_links":{"self":[{"href":"https:\/\/spassfoto.de\/index.php\/wp-json\/wp\/v2\/pages\/132","targetHints":{"allow":["GET"]}}],"collection":[{"href":"https:\/\/spassfoto.de\/index.php\/wp-json\/wp\/v2\/pages"}],"about":[{"href":"https:\/\/spassfoto.de\/index.php\/wp-json\/wp\/v2\/types\/page"}],"author":[{"embeddable":true,"href":"https:\/\/spassfoto.de\/index.php\/wp-json\/wp\/v2\/users\/3"}],"replies":[{"embeddable":true,"href":"https:\/\/spassfoto.de\/index.php\/wp-json\/wp\/v2\/comments?post=132"}],"version-history":[{"count":15,"href":"https:\/\/spassfoto.de\/index.php\/wp-json\/wp\/v2\/pages\/132\/revisions"}],"predecessor-version":[{"id":10139,"href":"https:\/\/spassfoto.de\/index.php\/wp-json\/wp\/v2\/pages\/132\/revisions\/10139"}],"wp:attachment":[{"href":"https:\/\/spassfoto.de\/index.php\/wp-json\/wp\/v2\/media?parent=132"}],"curies":[{"name":"wp","href":"https:\/\/api.w.org\/{rel}","templated":true}]}}