{"id":500,"date":"2022-01-30T15:00:32","date_gmt":"2022-01-30T15:00:32","guid":{"rendered":"https:\/\/spassfoto.de\/?page_id=477"},"modified":"2022-02-01T15:29:28","modified_gmt":"2022-02-01T15:29:28","slug":"fotobuch-selbst-kreieren-und-verschenken","status":"publish","type":"page","link":"https:\/\/spassfoto.de\/index.php\/fotobuch-selbst-kreieren-und-verschenken\/","title":{"rendered":"Fotobuch kreieren &#8211; ein Geschenketipp"},"content":{"rendered":"\n<p>Ein Fotobuch kreieren ist mit spassfoto.de so einfach wie das warten an einer roten Ampel! Wie oft \u00fcberlegt man, was man dem Jubilar zu seiner Feierlichleit schenkt! Am Ende steht man da und \u00e4rgert sich: &#8218;Er hat ja eh schon alles.&#8216; Das muss nicht sein!<\/p>\n\n\n\n<p>Wie w\u00e4re es mit etwas ganz pers\u00f6nlichem? Ein Fotobuch, welches Du ganz leicht am Abend bei der Party zusammen mit den anderen G\u00e4sten kreierst und noch am gleichen Abend dem Jubilar \u00fcberreichst!<\/p>\n\n\n\n<p>Jeder Gast tr\u00e4gt sich in das Buch ein, ein zwei Fotos einkleben, ein paar nette Zeilen dazu und fertig ist eine wundersch\u00f6ne pers\u00f6nliche Erinnerung an einen unvergesslichen Tag! Alles was Du daf\u00fcr ben\u00f6tigst, ist in unserem Geschenkeset enthalten. Die Fotos kommen druckfrisch aus einer unserer Fotoboxen heraus und schon ist alles was Du brauchst vorhanden &#8211; einfacher gehts nun wirklich nicht!<\/p>\n\n\n\n<p>Du siehst, ein Fotobuch kreieren ist so wirklich so einfach wie das Warten an einer roten Ampel! Wenn nicht noch einfacher \ud83d\ude09<\/p>\n\n\n\n<figure class=\"wp-block-gallery has-nested-images columns-default is-cropped wp-block-gallery-1 is-layout-flex wp-block-gallery-is-layout-flex\">\n<figure class=\"wp-block-image size-medium\"><a href=\"https:\/\/i0.wp.com\/spassfoto.de\/wp-content\/uploads\/2022\/01\/3ab3d5b4-9ea5-4a44-acb2-b223caca03b3-e1643553697425-1-1.jpg?ssl=1\" target=\"_blank\" rel=\"noopener\" data-rel=\"lightbox-image-0\" data-rl_title=\"\" data-rl_caption=\"\" title=\"\"><img data-recalc-dims=\"1\" height=\"127\" width=\"300\" decoding=\"async\" data-id=\"478\" src=\"https:\/\/i0.wp.com\/spassfoto.de\/wp-content\/uploads\/2022\/01\/3ab3d5b4-9ea5-4a44-acb2-b223caca03b3-e1643553697425-1.jpg?resize=300%2C127&#038;ssl=1\" alt=\"Mit einem Fotobuch \u00fcberrascht man jeden!\" class=\"wp-image-478\"\/><\/a><figcaption>Mit einem Fotobuch \u00fcberrascht man jeden!<\/figcaption><\/figure>\n\n\n\n<figure class=\"wp-block-image size-medium\"><a href=\"https:\/\/i0.wp.com\/spassfoto.de\/wp-content\/uploads\/2022\/01\/93a45303-a625-4d9b-8a48-f0bc6a990b57-e1643553662374-1-1.jpg?ssl=1\" target=\"_blank\" rel=\"noopener\" data-rel=\"lightbox-image-1\" data-rl_title=\"\" data-rl_caption=\"\" title=\"\"><img data-recalc-dims=\"1\" height=\"207\" width=\"300\" decoding=\"async\" data-id=\"480\" src=\"https:\/\/i0.wp.com\/spassfoto.de\/wp-content\/uploads\/2022\/01\/93a45303-a625-4d9b-8a48-f0bc6a990b57-e1643553662374-1.jpg?resize=300%2C207&#038;ssl=1\" alt=\"Sch\u00f6ne Fotos aus unserer Fotobox\" class=\"wp-image-480\"\/><\/a><figcaption>Sch\u00f6ne Fotos aus unserer Fotobox<\/figcaption><\/figure>\n\n\n\n<figure class=\"wp-block-image size-medium\"><a href=\"https:\/\/i0.wp.com\/spassfoto.de\/wp-content\/uploads\/2022\/01\/be7fe431-57b4-4027-85cc-6d52b3e87b70-e1643553635368-1-1.jpg?ssl=1\" target=\"_blank\" rel=\"noopener\" data-rel=\"lightbox-image-2\" data-rl_title=\"\" data-rl_caption=\"\" title=\"\"><img data-recalc-dims=\"1\" height=\"124\" width=\"300\" decoding=\"async\" data-id=\"479\" src=\"https:\/\/i0.wp.com\/spassfoto.de\/wp-content\/uploads\/2022\/01\/be7fe431-57b4-4027-85cc-6d52b3e87b70-e1643553635368-1.jpg?resize=300%2C124&#038;ssl=1\" alt=\"kombiniert mit unserem Fotobuch - das ideale Geschenk!\" class=\"wp-image-479\"\/><\/a><figcaption>kombiniert mit unserem Fotobuch &#8211; das ideale Geschenk!<\/figcaption><\/figure>\n<\/figure>\n\n\n\n<p>Bestelle das Fotobuchset (Fotobuch + silberner und goldener Marker, Leimstift, Sticker) gleich mit der Fotobox zusammen!<\/p>\n\n\n\n<p>Du erh\u00e4ltst das Set bei uns f\u00fcr nur 17.99\u20ac <\/p>\n\n\n\n<div class=\"wp-block-buttons is-layout-flex wp-block-buttons-is-layout-flex\">\n<div class=\"wp-block-button has-custom-font-size has-small-font-size\"><a class=\"wp-block-button__link has-white-color has-vivid-red-background-color has-text-color has-background\" href=\"https:\/\/spassfoto.de\/index.php\/buchung\/\">Jetzt buchen<\/a><\/div>\n<\/div>\n","protected":false},"excerpt":{"rendered":"<p>Ein Fotobuch kreieren ist mit spassfoto.de so einfach wie das warten an einer roten Ampel! Wie oft \u00fcberlegt man, was man dem Jubilar zu seiner Feierlichleit schenkt! Am Ende steht man da und \u00e4rgert sich: &#8218;Er hat ja eh schon alles.&#8216; Das muss nicht sein! Wie w\u00e4re es mit etwas ganz pers\u00f6nlichem? Ein Fotobuch, welches [&hellip;]<\/p>\n","protected":false},"author":1,"featured_media":0,"parent":0,"menu_order":0,"comment_status":"closed","ping_status":"closed","template":"","meta":{"_monsterinsights_skip_tracking":false,"_monsterinsights_sitenote_active":false,"_monsterinsights_sitenote_note":"","_monsterinsights_sitenote_category":0,"_uf_show_specific_survey":0,"_uf_disable_surveys":false,"footnotes":""},"class_list":["post-500","page","type-page","status-publish","hentry"],"yoast_head":"<!-- This site is optimized with the Yoast SEO plugin v27.3 - https:\/\/yoast.com\/product\/yoast-seo-wordpress\/ -->\n<title>Fotobuch kreieren - ein Geschenketipp von spassfoto.de<\/title>\n<meta name=\"description\" content=\"Wir empfehlen unsere Fotobuch-Geschenkebox zu jeder Fotobox von spassfoto.de! Der Geschenketipp! Selber ein Fotobuch kreieren!\" \/>\n<meta name=\"robots\" content=\"index, follow, max-snippet:-1, max-image-preview:large, max-video-preview:-1\" \/>\n<link rel=\"canonical\" href=\"https:\/\/spassfoto.de\/index.php\/fotobuch-selbst-kreieren-und-verschenken\/\" \/>\n<meta property=\"og:locale\" content=\"de_DE\" \/>\n<meta property=\"og:type\" content=\"article\" \/>\n<meta property=\"og:title\" content=\"Fotobuch kreieren - ein Geschenketipp von spassfoto.de\" \/>\n<meta property=\"og:description\" content=\"Wir empfehlen unsere Fotobuch-Geschenkebox zu jeder Fotobox von spassfoto.de! Der Geschenketipp! Selber ein Fotobuch kreieren!\" \/>\n<meta property=\"og:url\" content=\"https:\/\/spassfoto.de\/index.php\/fotobuch-selbst-kreieren-und-verschenken\/\" \/>\n<meta property=\"og:site_name\" content=\"spassfoto.de\" \/>\n<meta property=\"article:publisher\" content=\"https:\/\/facebook.com\/spassfoto.de\" \/>\n<meta property=\"article:modified_time\" content=\"2022-02-01T15:29:28+00:00\" \/>\n<meta property=\"og:image\" content=\"https:\/\/spassfoto.de\/wp-content\/uploads\/2022\/01\/3ab3d5b4-9ea5-4a44-acb2-b223caca03b3-e1643553697425-1-300x127.jpg\" \/>\n<meta name=\"twitter:card\" content=\"summary_large_image\" \/>\n<meta name=\"twitter:label1\" content=\"Gesch\u00e4tzte Lesezeit\" \/>\n\t<meta name=\"twitter:data1\" content=\"2\u00a0Minuten\" \/>\n<script type=\"application\/ld+json\" class=\"yoast-schema-graph\">{\"@context\":\"https:\\\/\\\/schema.org\",\"@graph\":[{\"@type\":\"WebPage\",\"@id\":\"https:\\\/\\\/spassfoto.de\\\/index.php\\\/fotobuch-selbst-kreieren-und-verschenken\\\/\",\"url\":\"https:\\\/\\\/spassfoto.de\\\/index.php\\\/fotobuch-selbst-kreieren-und-verschenken\\\/\",\"name\":\"Fotobuch kreieren - ein Geschenketipp von spassfoto.de\",\"isPartOf\":{\"@id\":\"https:\\\/\\\/spassfoto.de\\\/#website\"},\"primaryImageOfPage\":{\"@id\":\"https:\\\/\\\/spassfoto.de\\\/index.php\\\/fotobuch-selbst-kreieren-und-verschenken\\\/#primaryimage\"},\"image\":{\"@id\":\"https:\\\/\\\/spassfoto.de\\\/index.php\\\/fotobuch-selbst-kreieren-und-verschenken\\\/#primaryimage\"},\"thumbnailUrl\":\"https:\\\/\\\/spassfoto.de\\\/wp-content\\\/uploads\\\/2022\\\/01\\\/3ab3d5b4-9ea5-4a44-acb2-b223caca03b3-e1643553697425-1-300x127.jpg\",\"datePublished\":\"2022-01-30T15:00:32+00:00\",\"dateModified\":\"2022-02-01T15:29:28+00:00\",\"description\":\"Wir empfehlen unsere Fotobuch-Geschenkebox zu jeder Fotobox von spassfoto.de! Der Geschenketipp! Selber ein Fotobuch kreieren!\",\"breadcrumb\":{\"@id\":\"https:\\\/\\\/spassfoto.de\\\/index.php\\\/fotobuch-selbst-kreieren-und-verschenken\\\/#breadcrumb\"},\"inLanguage\":\"de\",\"potentialAction\":[{\"@type\":\"ReadAction\",\"target\":[\"https:\\\/\\\/spassfoto.de\\\/index.php\\\/fotobuch-selbst-kreieren-und-verschenken\\\/\"]}]},{\"@type\":\"ImageObject\",\"inLanguage\":\"de\",\"@id\":\"https:\\\/\\\/spassfoto.de\\\/index.php\\\/fotobuch-selbst-kreieren-und-verschenken\\\/#primaryimage\",\"url\":\"https:\\\/\\\/i0.wp.com\\\/spassfoto.de\\\/wp-content\\\/uploads\\\/2022\\\/01\\\/3ab3d5b4-9ea5-4a44-acb2-b223caca03b3-e1643553697425-1.jpg?fit=1960%2C831&ssl=1\",\"contentUrl\":\"https:\\\/\\\/i0.wp.com\\\/spassfoto.de\\\/wp-content\\\/uploads\\\/2022\\\/01\\\/3ab3d5b4-9ea5-4a44-acb2-b223caca03b3-e1643553697425-1.jpg?fit=1960%2C831&ssl=1\",\"width\":1960,\"height\":831},{\"@type\":\"BreadcrumbList\",\"@id\":\"https:\\\/\\\/spassfoto.de\\\/index.php\\\/fotobuch-selbst-kreieren-und-verschenken\\\/#breadcrumb\",\"itemListElement\":[{\"@type\":\"ListItem\",\"position\":1,\"name\":\"Startseite\",\"item\":\"https:\\\/\\\/spassfoto.de\\\/\"},{\"@type\":\"ListItem\",\"position\":2,\"name\":\"Fotobuch kreieren &#8211; ein Geschenketipp\"}]},{\"@type\":\"WebSite\",\"@id\":\"https:\\\/\\\/spassfoto.de\\\/#website\",\"url\":\"https:\\\/\\\/spassfoto.de\\\/\",\"name\":\"spassfoto.de\",\"description\":\"Dein Fotobox-Verleih im Raum Mittweida\",\"publisher\":{\"@id\":\"https:\\\/\\\/spassfoto.de\\\/#organization\"},\"potentialAction\":[{\"@type\":\"SearchAction\",\"target\":{\"@type\":\"EntryPoint\",\"urlTemplate\":\"https:\\\/\\\/spassfoto.de\\\/?s={search_term_string}\"},\"query-input\":{\"@type\":\"PropertyValueSpecification\",\"valueRequired\":true,\"valueName\":\"search_term_string\"}}],\"inLanguage\":\"de\"},{\"@type\":\"Organization\",\"@id\":\"https:\\\/\\\/spassfoto.de\\\/#organization\",\"name\":\"spassfoto.de\",\"url\":\"https:\\\/\\\/spassfoto.de\\\/\",\"logo\":{\"@type\":\"ImageObject\",\"inLanguage\":\"de\",\"@id\":\"https:\\\/\\\/spassfoto.de\\\/#\\\/schema\\\/logo\\\/image\\\/\",\"url\":\"https:\\\/\\\/i0.wp.com\\\/spassfoto.de\\\/wp-content\\\/uploads\\\/2022\\\/01\\\/cropped-Instagram-Profile-Picture.jpg?fit=512%2C512&ssl=1\",\"contentUrl\":\"https:\\\/\\\/i0.wp.com\\\/spassfoto.de\\\/wp-content\\\/uploads\\\/2022\\\/01\\\/cropped-Instagram-Profile-Picture.jpg?fit=512%2C512&ssl=1\",\"width\":512,\"height\":512,\"caption\":\"spassfoto.de\"},\"image\":{\"@id\":\"https:\\\/\\\/spassfoto.de\\\/#\\\/schema\\\/logo\\\/image\\\/\"},\"sameAs\":[\"https:\\\/\\\/facebook.com\\\/spassfoto.de\",\"https:\\\/\\\/instagram.com\\\/spassfoto.de\"]}]}<\/script>\n<!-- \/ Yoast SEO plugin. -->","yoast_head_json":{"title":"Fotobuch kreieren - ein Geschenketipp von spassfoto.de","description":"Wir empfehlen unsere Fotobuch-Geschenkebox zu jeder Fotobox von spassfoto.de! Der Geschenketipp! Selber ein Fotobuch kreieren!","robots":{"index":"index","follow":"follow","max-snippet":"max-snippet:-1","max-image-preview":"max-image-preview:large","max-video-preview":"max-video-preview:-1"},"canonical":"https:\/\/spassfoto.de\/index.php\/fotobuch-selbst-kreieren-und-verschenken\/","og_locale":"de_DE","og_type":"article","og_title":"Fotobuch kreieren - ein Geschenketipp von spassfoto.de","og_description":"Wir empfehlen unsere Fotobuch-Geschenkebox zu jeder Fotobox von spassfoto.de! Der Geschenketipp! Selber ein Fotobuch kreieren!","og_url":"https:\/\/spassfoto.de\/index.php\/fotobuch-selbst-kreieren-und-verschenken\/","og_site_name":"spassfoto.de","article_publisher":"https:\/\/facebook.com\/spassfoto.de","article_modified_time":"2022-02-01T15:29:28+00:00","og_image":[{"url":"https:\/\/spassfoto.de\/wp-content\/uploads\/2022\/01\/3ab3d5b4-9ea5-4a44-acb2-b223caca03b3-e1643553697425-1-300x127.jpg","type":"","width":"","height":""}],"twitter_card":"summary_large_image","twitter_misc":{"Gesch\u00e4tzte Lesezeit":"2\u00a0Minuten"},"schema":{"@context":"https:\/\/schema.org","@graph":[{"@type":"WebPage","@id":"https:\/\/spassfoto.de\/index.php\/fotobuch-selbst-kreieren-und-verschenken\/","url":"https:\/\/spassfoto.de\/index.php\/fotobuch-selbst-kreieren-und-verschenken\/","name":"Fotobuch kreieren - ein Geschenketipp von spassfoto.de","isPartOf":{"@id":"https:\/\/spassfoto.de\/#website"},"primaryImageOfPage":{"@id":"https:\/\/spassfoto.de\/index.php\/fotobuch-selbst-kreieren-und-verschenken\/#primaryimage"},"image":{"@id":"https:\/\/spassfoto.de\/index.php\/fotobuch-selbst-kreieren-und-verschenken\/#primaryimage"},"thumbnailUrl":"https:\/\/spassfoto.de\/wp-content\/uploads\/2022\/01\/3ab3d5b4-9ea5-4a44-acb2-b223caca03b3-e1643553697425-1-300x127.jpg","datePublished":"2022-01-30T15:00:32+00:00","dateModified":"2022-02-01T15:29:28+00:00","description":"Wir empfehlen unsere Fotobuch-Geschenkebox zu jeder Fotobox von spassfoto.de! Der Geschenketipp! Selber ein Fotobuch kreieren!","breadcrumb":{"@id":"https:\/\/spassfoto.de\/index.php\/fotobuch-selbst-kreieren-und-verschenken\/#breadcrumb"},"inLanguage":"de","potentialAction":[{"@type":"ReadAction","target":["https:\/\/spassfoto.de\/index.php\/fotobuch-selbst-kreieren-und-verschenken\/"]}]},{"@type":"ImageObject","inLanguage":"de","@id":"https:\/\/spassfoto.de\/index.php\/fotobuch-selbst-kreieren-und-verschenken\/#primaryimage","url":"https:\/\/i0.wp.com\/spassfoto.de\/wp-content\/uploads\/2022\/01\/3ab3d5b4-9ea5-4a44-acb2-b223caca03b3-e1643553697425-1.jpg?fit=1960%2C831&ssl=1","contentUrl":"https:\/\/i0.wp.com\/spassfoto.de\/wp-content\/uploads\/2022\/01\/3ab3d5b4-9ea5-4a44-acb2-b223caca03b3-e1643553697425-1.jpg?fit=1960%2C831&ssl=1","width":1960,"height":831},{"@type":"BreadcrumbList","@id":"https:\/\/spassfoto.de\/index.php\/fotobuch-selbst-kreieren-und-verschenken\/#breadcrumb","itemListElement":[{"@type":"ListItem","position":1,"name":"Startseite","item":"https:\/\/spassfoto.de\/"},{"@type":"ListItem","position":2,"name":"Fotobuch kreieren &#8211; ein Geschenketipp"}]},{"@type":"WebSite","@id":"https:\/\/spassfoto.de\/#website","url":"https:\/\/spassfoto.de\/","name":"spassfoto.de","description":"Dein Fotobox-Verleih im Raum Mittweida","publisher":{"@id":"https:\/\/spassfoto.de\/#organization"},"potentialAction":[{"@type":"SearchAction","target":{"@type":"EntryPoint","urlTemplate":"https:\/\/spassfoto.de\/?s={search_term_string}"},"query-input":{"@type":"PropertyValueSpecification","valueRequired":true,"valueName":"search_term_string"}}],"inLanguage":"de"},{"@type":"Organization","@id":"https:\/\/spassfoto.de\/#organization","name":"spassfoto.de","url":"https:\/\/spassfoto.de\/","logo":{"@type":"ImageObject","inLanguage":"de","@id":"https:\/\/spassfoto.de\/#\/schema\/logo\/image\/","url":"https:\/\/i0.wp.com\/spassfoto.de\/wp-content\/uploads\/2022\/01\/cropped-Instagram-Profile-Picture.jpg?fit=512%2C512&ssl=1","contentUrl":"https:\/\/i0.wp.com\/spassfoto.de\/wp-content\/uploads\/2022\/01\/cropped-Instagram-Profile-Picture.jpg?fit=512%2C512&ssl=1","width":512,"height":512,"caption":"spassfoto.de"},"image":{"@id":"https:\/\/spassfoto.de\/#\/schema\/logo\/image\/"},"sameAs":["https:\/\/facebook.com\/spassfoto.de","https:\/\/instagram.com\/spassfoto.de"]}]}},"_links":{"self":[{"href":"https:\/\/spassfoto.de\/index.php\/wp-json\/wp\/v2\/pages\/500","targetHints":{"allow":["GET"]}}],"collection":[{"href":"https:\/\/spassfoto.de\/index.php\/wp-json\/wp\/v2\/pages"}],"about":[{"href":"https:\/\/spassfoto.de\/index.php\/wp-json\/wp\/v2\/types\/page"}],"author":[{"embeddable":true,"href":"https:\/\/spassfoto.de\/index.php\/wp-json\/wp\/v2\/users\/1"}],"replies":[{"embeddable":true,"href":"https:\/\/spassfoto.de\/index.php\/wp-json\/wp\/v2\/comments?post=500"}],"version-history":[{"count":2,"href":"https:\/\/spassfoto.de\/index.php\/wp-json\/wp\/v2\/pages\/500\/revisions"}],"predecessor-version":[{"id":556,"href":"https:\/\/spassfoto.de\/index.php\/wp-json\/wp\/v2\/pages\/500\/revisions\/556"}],"wp:attachment":[{"href":"https:\/\/spassfoto.de\/index.php\/wp-json\/wp\/v2\/media?parent=500"}],"curies":[{"name":"wp","href":"https:\/\/api.w.org\/{rel}","templated":true}]}}