{"id":57,"date":"2022-01-15T14:04:32","date_gmt":"2022-01-15T14:04:32","guid":{"rendered":"https:\/\/spassfoto.de\/?page_id=43"},"modified":"2022-02-02T09:12:51","modified_gmt":"2022-02-02T09:12:51","slug":"individualitaet","status":"publish","type":"page","link":"https:\/\/spassfoto.de\/index.php\/individualitaet\/","title":{"rendered":"Individualit\u00e4t"},"content":{"rendered":"\n<p>Individualit\u00e4t der Fotos hei\u00dft: Jedes Foto hat Deinen pers\u00f6nlichen Stil und Charakter. F\u00fcr Deine Feier erstellen wir nach Deinen W\u00fcnschen ein individuelles und pers\u00f6nliches Aussehen Deiner Fotos.<\/p>\n\n\n\n<p>Das sogenannte Template ist Dein ganz spezielles, auf deine Feier ausgelegtes Bild. Hier kannst Du entscheiden, wieviel Fotos in einer Session entstehen sollen und was auf das Foto gedruckt werden soll.<\/p>\n\n\n\n<p>Du bestimmst die farbliche Abstimmung, eine Textzeile, welche mit auf das Template gedruckt wird, kurz das gesamte Erscheinungsbild des Template, welches nach jeder Fotosession automatisch ausgedruckt wird.<\/p>\n\n\n\n<p>Aber das ist noch nicht alles! Jedes Bild kann auch einzeln bearbeitet und ausgedruckt werden! Ebenso kannst Du Filter und Effekte auf jedes Foto anwenden. <\/p>\n\n\n\n<p>Eine sch\u00f6ne Erinnerung an einen wundersch\u00f6nen Abend.<\/p>\n\n\n\n<div class=\"wp-block-columns is-layout-flex wp-container-core-columns-is-layout-9d6595d7 wp-block-columns-is-layout-flex\">\n<div class=\"wp-block-column is-layout-flow wp-block-column-is-layout-flow\"><\/div>\n<\/div>\n\n\n\n<p>Hier ein Beispiel, wie es aussehen k\u00f6nnte:<\/p>\n\n\n\n<p><\/p>\n\n\n\n<figure class=\"wp-block-image size-full\"><img data-recalc-dims=\"1\" fetchpriority=\"high\" decoding=\"async\" width=\"1024\" height=\"589\" src=\"https:\/\/i0.wp.com\/spassfoto.de\/wp-content\/uploads\/2022\/01\/schritte2-1600x920-1-1024x589-1.png?resize=1024%2C589&#038;ssl=1\" alt=\"Individualit\u00e4t hei\u00dft f\u00fcr uns, jedes Foto ist nach Ihren W\u00fcnschen gestaltet und hat Ihren ganz per\u00f6nlichen Stil\" class=\"wp-image-390\" srcset=\"https:\/\/i0.wp.com\/spassfoto.de\/wp-content\/uploads\/2022\/01\/schritte2-1600x920-1-1024x589-1.png?w=1024&amp;ssl=1 1024w, https:\/\/i0.wp.com\/spassfoto.de\/wp-content\/uploads\/2022\/01\/schritte2-1600x920-1-1024x589-1.png?resize=600%2C345&amp;ssl=1 600w, https:\/\/i0.wp.com\/spassfoto.de\/wp-content\/uploads\/2022\/01\/schritte2-1600x920-1-1024x589-1.png?resize=300%2C173&amp;ssl=1 300w, https:\/\/i0.wp.com\/spassfoto.de\/wp-content\/uploads\/2022\/01\/schritte2-1600x920-1-1024x589-1.png?resize=768%2C442&amp;ssl=1 768w\" sizes=\"(max-width: 1024px) 100vw, 1024px\" \/><\/figure>\n\n\n\n<div class=\"wp-block-columns is-layout-flex wp-container-core-columns-is-layout-9d6595d7 wp-block-columns-is-layout-flex\">\n<div class=\"wp-block-column is-layout-flow wp-block-column-is-layout-flow\"><\/div>\n<\/div>\n\n\n\n<p>Wir bieten Dir eine gro\u00dfe Auswahl an Vorlagen. Gern erstellen wir aus Deinen uns zur Verf\u00fcgung gestellten Medien Deine ganz pers\u00f6nliche Vorlage. Individualit\u00e4t wird bei uns gro\u00df geschrieben.<\/p>\n\n\n\n<p>Gestalte auch Du Deine Feier unvergesslich mit einer Fotobox von spassfoto.de. Verschaffe Dir einen \u00dcberblick \u00fcber unsere <a href=\"https:\/\/spassfoto.de\/index.php\/eventartikel\/\">angebotene Eventartikel<\/a>. <\/p>\n\n\n\n<p>F\u00fcr offene Fragen nutze einfach unsere <a href=\"https:\/\/spassfoto.de\/index.php\/faq-hilfe\/\">FAQs<\/a> oder unser\u00a0<a href=\"https:\/\/spassfoto.de\/index.php\/kontaktformular\/\">Kontaktformular<\/a>! <\/p>\n\n\n\n<p>Gern beraten wir Dich pers\u00f6nlich bei uns vor Ort nach einer Terminvereinbarung. Schreibe uns einfach eine Nachricht per <a href=\"https:\/\/spassfoto.de\/index.php\/whatsapp\/\">WhatApp<\/a>. <\/p>\n","protected":false},"excerpt":{"rendered":"<p>Individualit\u00e4t der Fotos hei\u00dft: Jedes Foto hat Deinen pers\u00f6nlichen Stil und Charakter. F\u00fcr Deine Feier erstellen wir nach Deinen W\u00fcnschen ein individuelles und pers\u00f6nliches Aussehen Deiner Fotos. Das sogenannte Template ist Dein ganz spezielles, auf deine Feier ausgelegtes Bild. Hier kannst Du entscheiden, wieviel Fotos in einer Session entstehen sollen und was auf das Foto [&hellip;]<\/p>\n","protected":false},"author":3,"featured_media":0,"parent":0,"menu_order":0,"comment_status":"closed","ping_status":"closed","template":"","meta":{"_monsterinsights_skip_tracking":false,"_monsterinsights_sitenote_active":false,"_monsterinsights_sitenote_note":"","_monsterinsights_sitenote_category":0,"_uf_show_specific_survey":0,"_uf_disable_surveys":false,"footnotes":""},"class_list":["post-57","page","type-page","status-publish","hentry"],"yoast_head":"<!-- This site is optimized with the Yoast SEO plugin v27.5 - https:\/\/yoast.com\/product\/yoast-seo-wordpress\/ -->\n<title>Individualit\u00e4t jedes Fotos - nur bei der Fotobox von spassfoto.de!<\/title>\n<meta name=\"description\" content=\"spassfoto.de ber\u00fccksichtigt Deine W\u00fcnsche! Der Fotoausdruck wird mit Dir zusammen gestaltet - f\u00fcr dein Wunschfoto mit Individualit\u00e4t.\" \/>\n<meta name=\"robots\" content=\"index, follow, max-snippet:-1, max-image-preview:large, max-video-preview:-1\" \/>\n<link rel=\"canonical\" href=\"https:\/\/spassfoto.de\/index.php\/individualitaet\/\" \/>\n<meta property=\"og:locale\" content=\"de_DE\" \/>\n<meta property=\"og:type\" content=\"article\" \/>\n<meta property=\"og:title\" content=\"Individualit\u00e4t jedes Fotos - nur bei der Fotobox von spassfoto.de!\" \/>\n<meta property=\"og:description\" content=\"spassfoto.de ber\u00fccksichtigt Deine W\u00fcnsche! Der Fotoausdruck wird mit Dir zusammen gestaltet - f\u00fcr dein Wunschfoto mit Individualit\u00e4t.\" \/>\n<meta property=\"og:url\" content=\"https:\/\/spassfoto.de\/index.php\/individualitaet\/\" \/>\n<meta property=\"og:site_name\" content=\"spassfoto.de\" \/>\n<meta property=\"article:publisher\" content=\"https:\/\/facebook.com\/spassfoto.de\" \/>\n<meta property=\"article:modified_time\" content=\"2022-02-02T09:12:51+00:00\" \/>\n<meta property=\"og:image\" content=\"https:\/\/spassfoto.de\/wp-content\/uploads\/2022\/01\/schritte2-1600x920-1-1024x589-1.png\" \/>\n<meta name=\"twitter:card\" content=\"summary_large_image\" \/>\n<meta name=\"twitter:label1\" content=\"Gesch\u00e4tzte Lesezeit\" \/>\n\t<meta name=\"twitter:data1\" content=\"2\u00a0Minuten\" \/>\n<script type=\"application\/ld+json\" class=\"yoast-schema-graph\">{\"@context\":\"https:\\\/\\\/schema.org\",\"@graph\":[{\"@type\":\"WebPage\",\"@id\":\"https:\\\/\\\/spassfoto.de\\\/index.php\\\/individualitaet\\\/\",\"url\":\"https:\\\/\\\/spassfoto.de\\\/index.php\\\/individualitaet\\\/\",\"name\":\"Individualit\u00e4t jedes Fotos - nur bei der Fotobox von spassfoto.de!\",\"isPartOf\":{\"@id\":\"https:\\\/\\\/spassfoto.de\\\/#website\"},\"primaryImageOfPage\":{\"@id\":\"https:\\\/\\\/spassfoto.de\\\/index.php\\\/individualitaet\\\/#primaryimage\"},\"image\":{\"@id\":\"https:\\\/\\\/spassfoto.de\\\/index.php\\\/individualitaet\\\/#primaryimage\"},\"thumbnailUrl\":\"https:\\\/\\\/spassfoto.de\\\/wp-content\\\/uploads\\\/2022\\\/01\\\/schritte2-1600x920-1-1024x589-1.png\",\"datePublished\":\"2022-01-15T14:04:32+00:00\",\"dateModified\":\"2022-02-02T09:12:51+00:00\",\"description\":\"spassfoto.de ber\u00fccksichtigt Deine W\u00fcnsche! Der Fotoausdruck wird mit Dir zusammen gestaltet - f\u00fcr dein Wunschfoto mit Individualit\u00e4t.\",\"breadcrumb\":{\"@id\":\"https:\\\/\\\/spassfoto.de\\\/index.php\\\/individualitaet\\\/#breadcrumb\"},\"inLanguage\":\"de\",\"potentialAction\":[{\"@type\":\"ReadAction\",\"target\":[\"https:\\\/\\\/spassfoto.de\\\/index.php\\\/individualitaet\\\/\"]}]},{\"@type\":\"ImageObject\",\"inLanguage\":\"de\",\"@id\":\"https:\\\/\\\/spassfoto.de\\\/index.php\\\/individualitaet\\\/#primaryimage\",\"url\":\"https:\\\/\\\/i0.wp.com\\\/spassfoto.de\\\/wp-content\\\/uploads\\\/2022\\\/01\\\/schritte2-1600x920-1-1024x589-1.png?fit=1024%2C589&ssl=1\",\"contentUrl\":\"https:\\\/\\\/i0.wp.com\\\/spassfoto.de\\\/wp-content\\\/uploads\\\/2022\\\/01\\\/schritte2-1600x920-1-1024x589-1.png?fit=1024%2C589&ssl=1\",\"width\":1024,\"height\":589},{\"@type\":\"BreadcrumbList\",\"@id\":\"https:\\\/\\\/spassfoto.de\\\/index.php\\\/individualitaet\\\/#breadcrumb\",\"itemListElement\":[{\"@type\":\"ListItem\",\"position\":1,\"name\":\"Startseite\",\"item\":\"https:\\\/\\\/spassfoto.de\\\/\"},{\"@type\":\"ListItem\",\"position\":2,\"name\":\"Individualit\u00e4t\"}]},{\"@type\":\"WebSite\",\"@id\":\"https:\\\/\\\/spassfoto.de\\\/#website\",\"url\":\"https:\\\/\\\/spassfoto.de\\\/\",\"name\":\"spassfoto.de\",\"description\":\"Dein Fotobox-Verleih im Raum Mittweida\",\"publisher\":{\"@id\":\"https:\\\/\\\/spassfoto.de\\\/#organization\"},\"potentialAction\":[{\"@type\":\"SearchAction\",\"target\":{\"@type\":\"EntryPoint\",\"urlTemplate\":\"https:\\\/\\\/spassfoto.de\\\/?s={search_term_string}\"},\"query-input\":{\"@type\":\"PropertyValueSpecification\",\"valueRequired\":true,\"valueName\":\"search_term_string\"}}],\"inLanguage\":\"de\"},{\"@type\":\"Organization\",\"@id\":\"https:\\\/\\\/spassfoto.de\\\/#organization\",\"name\":\"spassfoto.de\",\"url\":\"https:\\\/\\\/spassfoto.de\\\/\",\"logo\":{\"@type\":\"ImageObject\",\"inLanguage\":\"de\",\"@id\":\"https:\\\/\\\/spassfoto.de\\\/#\\\/schema\\\/logo\\\/image\\\/\",\"url\":\"https:\\\/\\\/i0.wp.com\\\/spassfoto.de\\\/wp-content\\\/uploads\\\/2022\\\/01\\\/cropped-Instagram-Profile-Picture.jpg?fit=512%2C512&ssl=1\",\"contentUrl\":\"https:\\\/\\\/i0.wp.com\\\/spassfoto.de\\\/wp-content\\\/uploads\\\/2022\\\/01\\\/cropped-Instagram-Profile-Picture.jpg?fit=512%2C512&ssl=1\",\"width\":512,\"height\":512,\"caption\":\"spassfoto.de\"},\"image\":{\"@id\":\"https:\\\/\\\/spassfoto.de\\\/#\\\/schema\\\/logo\\\/image\\\/\"},\"sameAs\":[\"https:\\\/\\\/facebook.com\\\/spassfoto.de\",\"https:\\\/\\\/instagram.com\\\/spassfoto.de\"]}]}<\/script>\n<!-- \/ Yoast SEO plugin. -->","yoast_head_json":{"title":"Individualit\u00e4t jedes Fotos - nur bei der Fotobox von spassfoto.de!","description":"spassfoto.de ber\u00fccksichtigt Deine W\u00fcnsche! Der Fotoausdruck wird mit Dir zusammen gestaltet - f\u00fcr dein Wunschfoto mit Individualit\u00e4t.","robots":{"index":"index","follow":"follow","max-snippet":"max-snippet:-1","max-image-preview":"max-image-preview:large","max-video-preview":"max-video-preview:-1"},"canonical":"https:\/\/spassfoto.de\/index.php\/individualitaet\/","og_locale":"de_DE","og_type":"article","og_title":"Individualit\u00e4t jedes Fotos - nur bei der Fotobox von spassfoto.de!","og_description":"spassfoto.de ber\u00fccksichtigt Deine W\u00fcnsche! Der Fotoausdruck wird mit Dir zusammen gestaltet - f\u00fcr dein Wunschfoto mit Individualit\u00e4t.","og_url":"https:\/\/spassfoto.de\/index.php\/individualitaet\/","og_site_name":"spassfoto.de","article_publisher":"https:\/\/facebook.com\/spassfoto.de","article_modified_time":"2022-02-02T09:12:51+00:00","og_image":[{"url":"https:\/\/spassfoto.de\/wp-content\/uploads\/2022\/01\/schritte2-1600x920-1-1024x589-1.png","type":"","width":"","height":""}],"twitter_card":"summary_large_image","twitter_misc":{"Gesch\u00e4tzte Lesezeit":"2\u00a0Minuten"},"schema":{"@context":"https:\/\/schema.org","@graph":[{"@type":"WebPage","@id":"https:\/\/spassfoto.de\/index.php\/individualitaet\/","url":"https:\/\/spassfoto.de\/index.php\/individualitaet\/","name":"Individualit\u00e4t jedes Fotos - nur bei der Fotobox von spassfoto.de!","isPartOf":{"@id":"https:\/\/spassfoto.de\/#website"},"primaryImageOfPage":{"@id":"https:\/\/spassfoto.de\/index.php\/individualitaet\/#primaryimage"},"image":{"@id":"https:\/\/spassfoto.de\/index.php\/individualitaet\/#primaryimage"},"thumbnailUrl":"https:\/\/spassfoto.de\/wp-content\/uploads\/2022\/01\/schritte2-1600x920-1-1024x589-1.png","datePublished":"2022-01-15T14:04:32+00:00","dateModified":"2022-02-02T09:12:51+00:00","description":"spassfoto.de ber\u00fccksichtigt Deine W\u00fcnsche! Der Fotoausdruck wird mit Dir zusammen gestaltet - f\u00fcr dein Wunschfoto mit Individualit\u00e4t.","breadcrumb":{"@id":"https:\/\/spassfoto.de\/index.php\/individualitaet\/#breadcrumb"},"inLanguage":"de","potentialAction":[{"@type":"ReadAction","target":["https:\/\/spassfoto.de\/index.php\/individualitaet\/"]}]},{"@type":"ImageObject","inLanguage":"de","@id":"https:\/\/spassfoto.de\/index.php\/individualitaet\/#primaryimage","url":"https:\/\/i0.wp.com\/spassfoto.de\/wp-content\/uploads\/2022\/01\/schritte2-1600x920-1-1024x589-1.png?fit=1024%2C589&ssl=1","contentUrl":"https:\/\/i0.wp.com\/spassfoto.de\/wp-content\/uploads\/2022\/01\/schritte2-1600x920-1-1024x589-1.png?fit=1024%2C589&ssl=1","width":1024,"height":589},{"@type":"BreadcrumbList","@id":"https:\/\/spassfoto.de\/index.php\/individualitaet\/#breadcrumb","itemListElement":[{"@type":"ListItem","position":1,"name":"Startseite","item":"https:\/\/spassfoto.de\/"},{"@type":"ListItem","position":2,"name":"Individualit\u00e4t"}]},{"@type":"WebSite","@id":"https:\/\/spassfoto.de\/#website","url":"https:\/\/spassfoto.de\/","name":"spassfoto.de","description":"Dein Fotobox-Verleih im Raum Mittweida","publisher":{"@id":"https:\/\/spassfoto.de\/#organization"},"potentialAction":[{"@type":"SearchAction","target":{"@type":"EntryPoint","urlTemplate":"https:\/\/spassfoto.de\/?s={search_term_string}"},"query-input":{"@type":"PropertyValueSpecification","valueRequired":true,"valueName":"search_term_string"}}],"inLanguage":"de"},{"@type":"Organization","@id":"https:\/\/spassfoto.de\/#organization","name":"spassfoto.de","url":"https:\/\/spassfoto.de\/","logo":{"@type":"ImageObject","inLanguage":"de","@id":"https:\/\/spassfoto.de\/#\/schema\/logo\/image\/","url":"https:\/\/i0.wp.com\/spassfoto.de\/wp-content\/uploads\/2022\/01\/cropped-Instagram-Profile-Picture.jpg?fit=512%2C512&ssl=1","contentUrl":"https:\/\/i0.wp.com\/spassfoto.de\/wp-content\/uploads\/2022\/01\/cropped-Instagram-Profile-Picture.jpg?fit=512%2C512&ssl=1","width":512,"height":512,"caption":"spassfoto.de"},"image":{"@id":"https:\/\/spassfoto.de\/#\/schema\/logo\/image\/"},"sameAs":["https:\/\/facebook.com\/spassfoto.de","https:\/\/instagram.com\/spassfoto.de"]}]}},"_links":{"self":[{"href":"https:\/\/spassfoto.de\/index.php\/wp-json\/wp\/v2\/pages\/57","targetHints":{"allow":["GET"]}}],"collection":[{"href":"https:\/\/spassfoto.de\/index.php\/wp-json\/wp\/v2\/pages"}],"about":[{"href":"https:\/\/spassfoto.de\/index.php\/wp-json\/wp\/v2\/types\/page"}],"author":[{"embeddable":true,"href":"https:\/\/spassfoto.de\/index.php\/wp-json\/wp\/v2\/users\/3"}],"replies":[{"embeddable":true,"href":"https:\/\/spassfoto.de\/index.php\/wp-json\/wp\/v2\/comments?post=57"}],"version-history":[{"count":4,"href":"https:\/\/spassfoto.de\/index.php\/wp-json\/wp\/v2\/pages\/57\/revisions"}],"predecessor-version":[{"id":620,"href":"https:\/\/spassfoto.de\/index.php\/wp-json\/wp\/v2\/pages\/57\/revisions\/620"}],"wp:attachment":[{"href":"https:\/\/spassfoto.de\/index.php\/wp-json\/wp\/v2\/media?parent=57"}],"curies":[{"name":"wp","href":"https:\/\/api.w.org\/{rel}","templated":true}]}}